e 3*v - 6 = -k*q, q - 2*v + 7*v = 14. What is the tens digit of ((-30)/(-18))/(q/(-6))?
1
Let y be 12/(4/2) - 0. Suppose -2*q + y*q = 0. Suppose q*z + z + c = 11, 2*z = -4*c + 20. What is the tens digit of z?
1
Suppose -14 = -3*n + 4*b, -2*n + 18 = 2*n - 5*b. Let x(l) = -3*l + 4 - 2 + 4*l. What is the units digit of x(n)?
4
Let j be (-2)/((-6)/(-15))*-1. Suppose 3 = -j*q + 68. What is the tens digit of q?
1
Suppose s + 2*s + 240 = 2*g, 4*g - 480 = -5*s. What is the tens digit of g?
2
Suppose -q = 7 - 3. What is the units digit of (10/q)/((-1)/2)?
5
Suppose 4*t = 3*t + 5*u - 9, 4*t = 5*u - 111. What is the tens digit of 3/(-6)*(t - 0)?
1
Let j be (-6)/8 - 5/20. What is the units digit of ((-3)/2)/(j/22)?
3
Let n be (-129)/(-27) + (-2)/(-9). Let g = n - 2. What is the units digit of g?
3
Suppose -x = -6*x + 385. What is the tens digit of x?
7
Let u = -31 - -298. What is the tens digit of u?
6
Suppose 0 = -2*h + 6*h - 160. Suppose -7 + 2 = p + 4*x, -4*p + 4*x = -h. Let y(s) = s**2 - 5*s - 8. What is the units digit of y(p)?
6
Suppose -k = -2*w + 269, 3*w = -w + 4*k + 528. What is the hundreds digit of w?
1
Let u be ((-10)/(-8))/((-3)/(-12)). Suppose -28 = -u*g + 3*g. What is the units digit of 2/(-7) + 102/g?
7
Suppose -2*i + 10 = -7*i. What is the units digit of 13 - (i - -3 - 1)?
3
Let f(r) = -r**3 + r**2 + r - 2. Let n be f(3). Let g = n - -25. What is the units digit of 1/2*g + 0?
4
What is the units digit of 81*-2*((-20)/(-6) - 4)?
8
Let d = 420 + -239. What is the hundreds digit of d?
1
Suppose 0 = -3*p + 49 + 41. What is the tens digit of p?
3
Let v = 8 - -72. Suppose -d = 3*d - v. What is the units digit of d?
0
Let q(k) = k**3 - k**2 - 3*k + 1. Let s be q(3). Suppose -s = -4*w + 10. What is the units digit of w?
5
Suppose 24 = 2*x + 2*n, -2*x = -x + 3*n - 20. What is the units digit of x?
8
Suppose 0*l + 5*l - 20 = 0, b - 20 = 4*l. What is the units digit of b?
6
Let k(o) be the first derivative of 12*o + 5*o**2 - 1/3*o**3 + 3. What is the units digit of k(11)?
1
Let d(o) = -3*o - 6 - 6 - 2 + 8. What is the units digit of d(-8)?
8
Suppose -15 = -4*g + g. Suppose -t = 4*r - 4, -5*t = -g*r + 3*r - 64. What is the tens digit of t?
1
Let u = 321 - 69. What is the units digit of u?
2
Suppose h - 4*z + 57 = 0, -3*h - 3*z = -51 + 222. Let j be 2/(1 - h/(-60)). Suppose 3*u + j = 7*u. What is the units digit of u?
0
Suppose -u = -2*t - 4, 0 = 3*u - 0*u - 4*t - 10. Suppose -8 - 4 = -u*n. What is the units digit of n?
6
Let w be 2 - (-6)/4*2. Suppose w*b - b + 20 = 0. Let j(t) = t**3 + 5*t**2 + 4. What is the units digit of j(b)?
4
Suppose 9*l - 212 = 5*l. What is the tens digit of l?
5
Suppose p - 48 = -4*j, 26 = p - j - 2. What is the units digit of p?
2
Let x(s) = s**2 - s - 1. Let z(u) = u**2 - 5*u - 1. Let l be z(4). Let p(w) = -w - 3. Let m be p(l). What is the units digit of x(m)?
1
Let f be 1/((-7)/2 - -4). What is the tens digit of (35 - (-4 - -3)) + f?
3
Suppose -3*c = 2*d - 37 - 28, -5*d + 4*c + 220 = 0. What is the tens digit of d?
4
Let t(j) = -2*j**3 + 23*j**2 + j - 11. Let c(r) = -r**3 + 11*r**2 - 5. Let d(i) = 9*c(i) - 4*t(i). What is the tens digit of d(6)?
1
Suppose p - 8 = -4*f, 3*f = -2*p + f + 22. What is the units digit of (2/(-3))/(-1)*p?
8
What is the units digit of ((-56)/(-10))/((-3)/(-15))?
8
Suppose n - 5*y = 20, 1 = -2*y - 3. Suppose -64 + n = -3*x. What is the units digit of x?
8
Let w(u) = u**3 - 2*u**2 - 3*u - 2. Let d be (-46)/(-14) - 4/14. Let k be w(d). What is the units digit of 3 + -3 - 8/k?
4
Suppose 2*q - 5*v = 17, q - 5*q + 3*v + 27 = 0. Suppose q + 14 = 5*c. What is the units digit of 2 + c*2/4?
4
Let q(j) = -j**3 + 2*j**2 + 10*j + 7. What is the hundreds digit of q(-6)?
2
Let i = -9 + 57. Suppose -2*v + i = -2*r, 2*v - 72 = -v + 4*r. What is the units digit of v?
4
Suppose -7*o - 60 + 1586 = 0. What is the tens digit of o?
1
Let w = -325 - -652. What is the units digit of w?
7
Suppose l = 4*l - 4*t - 91, 0 = -4*l - 4*t + 140. What is the units digit of l?
3
Let a be (6/(-4))/(2/(-16)). Suppose -s + 3*s - a = 0. Let g(u) = 2*u - 3. What is the units digit of g(s)?
9
Let p = -4 - -4. Suppose 20 = 4*z - p*z. Suppose -z*o = -40 + 5. What is the units digit of o?
7
Let k(g) = g + 1. Let c(a) = -a - 1. Let x(p) = -6*c(p) - 5*k(p). What is the units digit of x(0)?
1
Suppose -3*m + 35 = 4*b, -3*b - 5*m + 29 = -0*m. Let k(v) = v - 2. What is the units digit of k(b)?
6
Let u = 15 + -9. Let c = u - 5. What is the units digit of c?
1
Suppose -4*o - 2 = -2*j, 0 = 3*o - 4*o - j - 2. Let r be 0/((o - 0)/1). Suppose -2*f + 8 = -r. What is the units digit of f?
4
Let i(q) = 2*q**2 + q + 4. Let g be i(-3). Suppose g + 71 = 5*l. What is the tens digit of l?
1
Let a(r) = r + 8. Suppose -h - 4*h + 45 = -4*w, 10 = 5*h + 3*w. What is the units digit of a(h)?
3
Let x(k) = -k. Let z be x(0). Let c = z - -9. Suppose 4*q - c = -p + 1, 3*p = 3*q + 30. What is the tens digit of p?
1
Let z = 40 + 94. What is the hundreds digit of z?
1
Suppose 4*t + 5*g - 43 = 0, g = -t + 5 + 6. Let m be 3/2*(-32)/t. What is the units digit of (0 - -6)*(-2)/m?
3
Let r = 73 - 39. What is the tens digit of r?
3
What is the tens digit of 245/2 + 1/2?
2
Let b = 29 + -21. What is the units digit of b?
8
Let n(u) = -u**3 + 15*u**2 - 10*u + 6. What is the units digit of n(14)?
2
Let k be 22/18 - (-4)/(-18). Let r(l) = 4*l**2 + 2*l - 1. Let h be r(k). Suppose -3*v - 12 = 2*p - h*p, -3*p + v + 8 = 0. What is the units digit of p?
2
Let h = 3 + -18. Let a be 2/(-6) - 65/h. Suppose 4*q = -5*l + a, 0*q - q + 5*l = -1. What is the units digit of q?
1
Let d(p) = p + 3. What is the units digit of d(13)?
6
Suppose -a = 1, 0*x - 3*a - 2 = x. Suppose 0 = n + x - 10. What is the units digit of n?
9
Let f be 3/3 + 3/1. Let k(v) = 6*v - 1. Let p be k(1). Suppose -c - 3*y + 31 = 11, f*c - p*y + 5 = 0. What is the units digit of c?
5
Let k = -1 + 1. Suppose k = -i + 3 - 7, -4*q + 4 = -3*i. What is the units digit of (-16)/(-2) - 0/q?
8
Let d(f) = -f - 1. Let m be d(-4). Suppose 4*c + 0*c = -3*w - 9, -c + 6 = -2*w. Let z = c + m. What is the units digit of z?
3
Let c be 2*-6*1/(-4). Suppose j = c + 5. What is the units digit of j?
8
Let x = -2 + 5. Suppose -x*f - 2*s = 7 - 49, 4*f - 51 = -s. What is the tens digit of f?
1
Let b be 6/(-15) - 66/(-15). Suppose b*y - 84 = o, -21 = -y - o - 0*o. What is the units digit of y?
1
What is the tens digit of (-93)/(-9) + (-4)/(-6)?
1
Let w(f) = -f**2 - 5*f + 8. Let o be w(-6). Let u be 39/6 + (-1)/2. Suppose -o = 2*m - u. What is the units digit of m?
2
What is the units digit of 17 + (-2 + 3)*0?
7
Let t be (-2)/11 + 4/22. Suppose t = -7*f + 2*f - 2*a + 130, 4*a + 20 = 0. Suppose 5 - 1 = -w, -4*w = -2*j + f. What is the units digit of j?
6
Suppose p + k - 18 = 0, 0*p + 5*k - 38 = -p. Suppose 11*m + 60 = p*m. What is the tens digit of m?
3
Let f be 4*((-15)/(-12) + -3). Let r = 9 + f. Suppose -9 = -3*s - r*t - 1, 0 = s + 2*t. What is the units digit of s?
4
Let m = -15 + 28. What is the units digit of m?
3
Let z(l) be the third derivative of -l**4/24 + l**3/2 - l**2. Let b be z(5). Let d(s) = 2*s**2. What is the units digit of d(b)?
8
Let v = -1 + 2. Let r be (0 + v)/((-1)/(-13)). Let a = r - 7. What is the units digit of a?
6
Let g = 3 - 11. Let y be 2/(-8) + (-74)/g. What is the tens digit of y/3 + 9 + 2?
1
Let t = 564 + -331. What is the units digit of t?
3
Suppose 0*o = o. Suppose o = 4*m - 2*m - c + 3, -5*c = 2*m + 9. Let x = 0 - m. What is the units digit of x?
2
Let y = 23 - 8. Suppose -5*c - 39 - y = -o, 3*o - c - 134 = 0. Suppose -4*d + 8 = -o. What is the units digit of d?
3
Let q = -72 + -73. Let v = 93 + q. What is the units digit of 10/(-15) + v/(-6)?
8
Let l be -20*(2/(-2))/1. Let x = -8 + l. Suppose 3*s + 2*a - x = 0, -a + 10 = -s + 3*a. What is the units digit of s?
2
Let a be (-4)/10 - (-26)/(-10). What is the tens digit of a/6 - 111/(-6)?
1
Suppose -2 = -4*c + 2. Suppose w - 1 = -5*k, k = w - k - c. Let v(p) = 12*p**2 - 1. What is the units digit of v(w)?
1
Suppose -4*v + 9 = 29. Let l(g) = -g**3 - 5*g**2 - 2*g - 5. What is the units digit of l(v)?
5
Let p be -2*(1 - 14) - 1. Let u(m) = -m**3 + 3*m**2 + 8*m - 4. Let f be u(5). Let a = p + f. What is the tens digit of a?
1
What is the units digit of (9/3 + -125)*(-6)